prime number?
True
Is 1089866069 prime?
True
Is 688771693 prime?
False
Is 753588413 a composite number?
False
Is 423693887 a composite number?
True
Is 490676003 composite?
False
Is 124936787 a composite number?
False
Is 4083658555 composite?
True
Is 40517787619 a composite number?
False
Is 15026540293 a prime number?
False
Is 971862119 composite?
True
Is 1794530239 a prime number?
True
Is 7764867653 prime?
False
Is 36562947229 composite?
True
Is 166006901 a prime number?
False
Is 10443236729 a composite number?
True
Is 908037703 a composite number?
False
Is 7348697 composite?
False
Is 2792880439 a composite number?
True
Is 13977473171 a composite number?
False
Is 465342697 a prime number?
True
Is 91703359543 prime?
False
Is 14587459687 a composite number?
False
Is 33373353001 a prime number?
True
Is 3186796111 a composite number?
False
Is 23545981 prime?
True
Is 14920499897 a prime number?
False
Is 977396621 composite?
False
Is 14588763077 composite?
True
Is 9084421807 prime?
False
Is 554583833 a prime number?
False
Is 61046760991 composite?
False
Is 1028350913 prime?
False
Is 62556634837 prime?
True
Is 168320683 composite?
True
Is 13094520451 a prime number?
False
Is 539111449 prime?
False
Is 35789586953 composite?
False
Is 709145617 a composite number?
True
Is 1324714483 composite?
True
Is 1003644039 a prime number?
False
Is 501845197 composite?
True
Is 3226776703 prime?
True
Is 6968839469 composite?
False
Is 42502779547 composite?
False
Is 1859272431 composite?
True
Is 6005358743 composite?
False
Is 55428451451 prime?
True
Is 24347401531 prime?
True
Is 1212879729 a composite number?
True
Is 2795668007 a composite number?
True
Is 38150051 prime?
False
Is 2377114609 a composite number?
False
Is 612283745 prime?
False
Is 47132779399 a composite number?
True
Is 1823044867 a composite number?
True
Is 1377864227 composite?
True
Is 100302202433 composite?
False
Is 8678638603 composite?
False
Is 8419070519 prime?
True
Is 267401129 composite?
False
Is 553715711 a composite number?
False
Is 882641663 a composite number?
False
Is 14654654141 prime?
False
Is 3232721593 prime?
True
Is 73892067527 a composite number?
True
Is 5394867481 composite?
True
Is 72965429 a prime number?
False
Is 2408161171 composite?
True
Is 16631816989 a composite number?
True
Is 387632689 a composite number?
False
Is 39957814123 a composite number?
False
Is 24333052739 prime?
True
Is 5560666327 a composite number?
False
Is 252098659 prime?
True
Is 33968290351 composite?
True
Is 21369017209 prime?
True
Is 544244717 composite?
False
Is 15127736353 a composite number?
False
Is 3761024713 a prime number?
False
Is 54843666061 a prime number?
False
Is 13256854991 a composite number?
False
Is 17679297499 prime?
True
Is 20775269 a prime number?
False
Is 227820547 prime?
True
Is 5191320019 prime?
False
Is 44406212077 a prime number?
False
Is 29267517094 composite?
True
Is 13084249127 a prime number?
False
Is 934876549 a composite number?
True
Is 1294582007 prime?
True
Is 187738693 prime?
True
Is 28777933 composite?
True
Is 17132225989 a prime number?
False
Is 2307995887 a composite number?
True
Is 4874296031 a composite number?
True
Is 5453043361 composite?
False
Is 99176573621 prime?
False
Is 138323714303 a composite number?
False
Is 6555481969 prime?
False
Is 13606113733 composite?
True
Is 652330603 composite?
False
Is 504798643 prime?
True
Is 835344233 a prime number?
True
Is 259661627 prime?
True
Is 1674533869 prime?
True
Is 126007216849 a prime number?
True
Is 19599625847 prime?
True
Is 2034598663 prime?
True
Is 14690704661 prime?
True
Is 8865776977 a prime number?
True
Is 4419822773 composite?
False
Is 144894104887 composite?
True
Is 2541264865 prime?
False
Is 44745199 prime?
True
Is 1133771489 composite?
True
Is 478903231 prime?
False
Is 4363690517 a prime number?
True
Is 785962123 a prime number?
False
Is 58339075933 a prime number?
False
Is 16281411023 prime?
True
Is 878130313 a prime number?
False
Is 216060981 a composite number?
True
Is 694949641 a composite number?
False
Is 25365533087 prime?
False
Is 1637873269 prime?
True
Is 16898429129 composite?
False
Is 35694785207 prime?
False
Is 9733567381 a composite number?
False
Is 1794457513 a prime number?
True
Is 2882260807 composite?
False
Is 5668510061 prime?
True
Is 2535989843 a composite number?
True
Is 181091455 a prime number?
False
Is 2292159383 prime?
False
Is 30189504481 a composite number?
False
Is 464036297 prime?
False
Is 25136974771 a composite number?
True
Is 29365567067 a composite number?
True
Is 357735252811 composite?
True
Is 756748427 prime?
False
Is 4114929157 a prime number?
False
Is 846163259 prime?
False
Is 23391406877 prime?
False
Is 15023703323 a composite number?
True
Is 3244635931 a prime number?
False
Is 932735873 prime?
False
Is 57457821217 prime?
False
Is 4977050011 prime?
True
Is 3007043639 a composite number?
False
Is 55121716613 a prime number?
True
Is 9406239079 a prime number?
False
Is 6109150961 composite?
False
Is 96723214723 a composite number?
True
Is 1207497083 a prime number?
False
Is 438713117 composite?
False
Is 2059432709 prime?
False
Is 3843726517 a prime number?
False
Is 33020339741 composite?
False
Is 75807834971 composite?
True
Is 4326120941 a prime number?
True
Is 70113230281 prime?
True
Is 229640782561 a composite number?
True
Is 483334867 a prime number?
False
Is 4926445907 composite?
True
Is 34733917 composite?
False
Is 37187557111 a prime number?
True
Is 4430816461 composite?
True
Is 6037358687 composite?
True
Is 147216757 composite?
False
Is 77078551591 a composite number?
False
Is 1196080297 prime?
False
Is 470298061 composite?
False
Is 1069107833 a composite number?
True
Is 5238256619 composite?
True
Is 76635959 prime?
False
Is 704464279 prime?
True
Is 3874331243 prime?
True
Is 12261758959 composite?
True
Is 6252142735 composite?
True
Is 13990417733 a prime number?
False
Is 24141441899 a composite number?
False
Is 1905236401 a composite number?
False
Is 397987309 prime?
False
Is 2789653357 composite?
True
Is 323666221 composite?
False
Is 3817174063 composite?
False
Is 77802919358 prime?
False
Is 175250809 composite?
False
Is 10888526873 prime?
False
Is 1574026681 a prime number?
False
Is 1082512967 a prime number?
False
Is 2888013211 a composite number?
True
Is 1155603259 a prime number?
True
Is 6433586449 a prime number?
True
Is 12766771477 a prime number?
True
Is 1149730303 prime?
True
Is 6860910577 a composite number?
False
Is 8114907047 prime?
False
Is 41689767517 prime?
True
Is 1758786109 a composite number?
False
Is 2751690869 prime?
True
Is 267500234191 composite?
True
Is 3353181646 composite?
True
Is 965173753 a composite number?
True
Is 21383346863 a composite number?
True
Is 4199258149 prime?
True
Is 2223857901 composite?
True
Is 401373811 a prime number?
True
Is 414667631 prime?
False
Is 5331310546 composite?
True
Is 6685576141 a prime number?
True
Is 76805097661 a prime number?
False
Is 19940835023 a composite number?
True
Is 449024269 a composite number?
False
Is 5778118129 a composite number?
True
Is 78572892487 a prime number?
True
Is 59278409587 composite?
True
Is 90332677115 a composite number?
True
Is 7446006079 a composite number?
True
Is 1434297481 composite?
True
Is 311946857 prime?
False
Is 38925602623 composite?
False
Is 3162053863 a composite number?
True
Is 437071742 a composite number?
True
Is 886884949 a composite number?
False
Is 41236372271 a composite number?
False
Is 145391939509 a composite number?
False
Is 119806856233 composite?
False
Is 10162825493 a composite number?
False
Is 31401113677 composite?
False
Is 293667501 composite?
True
Is 2222970017 a composite number?
False
Is 6644975167 a composite number?
True
Is 105503074403 composite?
False
Is 7949806187 a composite number?
True
Is 1170296243 composite?
True
Is 605835089 a prime number?
False
Is 1981177391 a composite number?
True
Is 5715702439 composite?
False
Is 17631431981 a composite number?
True
Is 1573118257 a composite number?
False
Is 6837972469 a composite number?
False
Is 184504853 composite?
True
Is 1430774603 prime?
False
Is 704428603 a prime number?
False
Is 697552691 composite?
True
Is 18490613639 prime?
True
Is 5602574309 prime?
True
Is 10122560267 a composite numbe